f s?
True
Let t(y) = y**3 + 16*y**2 - 23*y + 14. Suppose 14*g = 12*g - 34. Is t(g) a multiple of 4?
True
Suppose -3*p = -2*b - 25265, 111*b = -3*p + 116*b + 25268. Is p a multiple of 95?
False
Suppose -5*h + 15*h = 1120. Suppose -5*j + 22 = 2, 3*v + 4*j = h. Is v a multiple of 6?
False
Let w(v) = v**3 + 14*v**2 - 9*v + 83. Let j be w(-15). Let l(c) = 11*c**2 + 38*c - 17. Is 24 a factor of l(j)?
False
Let t be (-10)/6*(72/(-5))/8. Suppose -3*v - t = -4*v. Is 6 a factor of (4/10)/(v/495)?
True
Is (36/(324/4113))/(3/204) a multiple of 68?
True
Suppose -13*w = -16*w - 1323. Let c = w - -673. Does 15 divide c?
False
Suppose -37416 = -4*z + 2*b, -3589 = 2*z + 2*b - 22285. Is z a multiple of 19?
False
Is (35*(-16)/(-400))/((-1)/(-1185)) a multiple of 7?
True
Let t(x) = -4794*x**3 + 28*x**2 + 62*x. Is 135 a factor of t(-2)?
True
Let q be 0/((-4 - -11) + -10). Suppose 3*b - 462 - 222 = q. Does 12 divide b?
True
Is 18 a factor of 3010626/234 - 2/(-26)?
False
Suppose 55618 + 412542 = 133*x. Does 83 divide x?
False
Let l be (-1)/3*-12 - -6. Suppose 24*i = l*i + 154. Is 2 a factor of i?
False
Let f = -209 + 212. Suppose -36 = -f*x + 3. Is x a multiple of 2?
False
Is 169 a factor of 2/(-25) - (1270512/(-150) - -20)?
True
Suppose 4025 + 3521 = -14*r. Let y = r - -702. Is y a multiple of 8?
False
Suppose -2*w = -7*w + 7050. Let q = -481 - -442. Is 2/(-13) - w/q a multiple of 19?
False
Let o(x) = 3*x**2 - 96*x - 97. Let n be o(33). Suppose 67 = v - 12. Suppose v = n*c + 21. Is 29 a factor of c?
True
Let i(a) = 21*a**2 - 2*a - 268. Is 56 a factor of i(-15)?
False
Is (8 + -4)*(385 + -10 - 5) a multiple of 7?
False
Let o = 12301 + -2846. Is o a multiple of 5?
True
Let n(r) be the first derivative of -r**4/4 - 8*r**3 + 51*r**2/2 + 30*r + 115. Is n(-27) a multiple of 24?
True
Suppose -5*g - 1 = 3*p - 71, 4*g = 4*p - 40. Suppose 0 = p*i - 1555 - 965. Is i a multiple of 21?
True
Suppose 0 = 2*z - 2*g + 3*g - 141, 151 = 2*z + 3*g. Let u = z + -31. Does 37 divide u?
True
Let h = -351 + 536. Let t = 377 - h. Does 32 divide t?
True
Suppose 0 = -283*o + 273*o + 3000. Is o a multiple of 7?
False
Let y(f) be the second derivative of -f**3 + 13*f**2/2 - 3*f + 3. Does 7 divide y(-13)?
True
Let x(j) = 15*j**2 + 19*j - 36. Let a = 198 - 195. Is 13 a factor of x(a)?
True
Let c(b) = 18*b**2 + 8*b + 294. Is c(20) a multiple of 86?
True
Suppose -4*m = 5*h - 23561, 7*m + 11826 = 9*m - 4*h. Does 9 divide m?
False
Suppose 3*f - 3*t = 12180, 0 = -3*f - 25*t + 26*t + 12192. Is 107 a factor of f?
True
Suppose 0 = 3*l + 3, 3 = 2*o - l + 8. Let d(c) = -2*c**2 - 2*c + 17. Let n(m) = -4*m**2 - 5*m + 34. Let u(q) = o*n(q) + 5*d(q). Does 7 divide u(4)?
True
Suppose -4*f = 0, -2*x - 4*f = -2*f - 8. Suppose 0 = x*m + s + 3*s - 24, 2*m = 2*s + 4. Suppose -4*z - z = m*o - 212, -224 = -5*o + 4*z. Does 16 divide o?
True
Let i be (-44)/77 + 48/(-14). Let u be -1 - i - 1/1. Suppose -w + 3*m + 684 = 3*w, 3*w + u*m = 513. Is 41 a factor of w?
False
Suppose 178*k - 3380905 + 1213223 - 2094884 = 0. Is 10 a factor of k?
False
Let s be 9 - 20/5 - -219. Let q = s + -178. Is q a multiple of 25?
False
Let x(h) be the first derivative of h**4/12 - 4*h**3/3 + 21*h**2 - 2*h - 3. Let b(u) be the first derivative of x(u). Is b(14) a multiple of 24?
False
Let g = -362 - -797. Let n(u) = u**2 + 3*u + 2. Let v be n(-3). Suppose -d + v*d + 2*q - 89 = 0, -5*q + g = 5*d. Is d a multiple of 12?
False
Suppose 2*a - 35 = -3*a. Suppose a*z + 451 = -4*z. Let x = 1 - z. Does 10 divide x?
False
Let s(i) be the first derivative of i**5/15 + 5*i**4/12 + 2*i**3/3 - 15*i**2/2 - 6. Let x(o) be the second derivative of s(o). Is 13 a factor of x(-7)?
True
Let l(j) = 5*j**2 + 5*j - 79. Let y(c) = 7*c**2 - 134*c + 27. Let i be y(19). Does 15 divide l(i)?
False
Let s = 209 - 205. Suppose -3*y + 5*q = -170 - 1991, -4*q - 2868 = -s*y. Is y a multiple of 35?
False
Suppose -3*k - 5*z = 291 - 1649, k = z + 450. Does 11 divide k?
True
Suppose -4*y = -4*h + 85 + 39, 0 = 2*y + 2. Suppose -166 = -4*a - h. Let b = -13 + a. Is b a multiple of 21?
True
Let c be ((-39)/(-52))/((-1)/(-4)). Let i(q) = 4 + 13*q + 5 + 680*q**2 - 687*q**2 - q**c. Does 9 divide i(-9)?
True
Suppose -6*z - 4812 = -15654. Suppose 2*b - 3*s - 433 = b, 3*s = -4*b + z. Is b a multiple of 47?
False
Let u be -4*(5 + -7)/2. Is 49 a factor of (2 - u)*521/(-2)?
False
Suppose 5*v - 3*w - 144302 = 0, -2*v + 36175 + 21555 = 8*w. Is v a multiple of 216?
False
Let c(f) = 9*f**3 + 6*f**2 - 68*f + 661. Is 21 a factor of c(10)?
False
Is 30 a factor of 8/(32/20) + (-2035)/(-1)?
True
Suppose -5*b - 4*g + 57060 = 0, -378*b - 22807 = -380*b - 5*g. Is b a multiple of 7?
False
Let n = -2163 - -5008. Let k = n - 1629. Is k a multiple of 20?
False
Let j be 10/(-6) - 141/(-9). Let g be (12/(-5))/(j/(-245)). Suppose -g*s + 43*s = 54. Is 9 a factor of s?
True
Suppose -4*b - b + 5*u - 45 = 0, -5*b = 2*u + 10. Is ((-2)/(-3))/(b/(-1260)) a multiple of 13?
False
Let j = -2605 + 5444. Suppose -j - 3511 = -25*l. Is 10 a factor of l?
False
Let d be ((-4)/(-14))/(1/14). Suppose -g = 4*p + 282, -4*g - g + 270 = -d*p. Let s = p + 126. Is 8 a factor of s?
True
Let r = -3181 + 875. Let f = 3546 + r. Is f a multiple of 10?
True
Let d(n) = -n**2 - 10*n + 13. Let u(s) = s**3 + 6*s**2 - 3*s + 19. Let r be u(-7). Let y be d(r). Suppose 21*h - y*h = -54. Does 18 divide h?
True
Let y = -102 + 126. Suppose y*b - 21*b = 450. Does 4 divide b?
False
Let l(f) = -2*f + 14. Let z be l(7). Suppose z = 2*i + 2 + 4. Let y(a) = -14*a + 2. Does 22 divide y(i)?
True
Let n be (-155)/(-4) - 3/(-9 - 3). Suppose -j - 5*u - 7 = 0, 0 = -0*j - 3*j - u + 49. Let v = n + j. Is 4 a factor of v?
False
Let h = 2 - -15. Suppose h*o + 70 = 12*o. Let l = 29 + o. Does 10 divide l?
False
Suppose -1716 = -40242*o + 40239*o. Is o even?
True
Suppose 4*q - 43 = -31. Suppose -3*h - 4*a + 6 = 0, q*h + 2*h + 25 = 5*a. Is -81*(h + 25/15) a multiple of 15?
False
Let u be 313 - (-35)/20*4. Let r = u - 195. Does 63 divide r?
False
Suppose 12*f - 2*f + 40 = 0. Let b be ((-2)/4)/(3*f/(-288)). Is (-86)/(-12) + 2/b a multiple of 7?
True
Let i(q) = -q**3 + 81*q**2 + 52*q + 45. Is i(81) a multiple of 9?
True
Let t be 4/(-10) - 34/(-10). Let a be 1 + 8 - 2 - (-16 + 18). Suppose 0 = w - t*v - 102, -298 + 888 = a*w + v. Does 28 divide w?
False
Suppose -4363*r + 4368*r = 30550. Is 21 a factor of r?
False
Let p = 1737 + 14311. Does 13 divide p?
False
Suppose -1021*z + 1007*z = -196980. Is 70 a factor of z?
True
Let q = 71 + -59. Suppose 15*f - 72 = -q. Suppose -3*c + 7*c - 1072 = -4*h, f*c + 258 = h. Is h a multiple of 33?
False
Let c be 6/(3 - 54/20). Suppose s + 127 = 2*s + 4*w, 5*w + c = 0. Is 8 a factor of s?
False
Is (39 - 40)/(2/(-69574)) a multiple of 43?
True
Let a(d) = -210*d**3 - 4*d**2 - 7*d + 4. Does 23 divide a(-2)?
False
Let q = -191 + 181. Is 19 a factor of q/15 + (-527)/(-3) + -4?
True
Suppose 0 = -0*c - 4*c + 4*r - 60, -r + 4 = 0. Let u be -1 + 1 + (-33)/c. Suppose 5*m - u*m = 36. Is 6 a factor of m?
True
Suppose 94*h = 214*h - 105*h. Suppose -54 = -3*m - 2*j, 6 = 4*j - 6. Suppose h = 4*p - m, -3*y + 3*p + 17 = -187. Is y a multiple of 16?
False
Suppose -1889901 = -619*t + 62*t. Is t a multiple of 261?
True
Suppose 0 = -3*w - 9, 3*m + 2*m - 4*w = 37. Let l = 10 + -8. Suppose d = -5*g + 328, -l*g + 134 - 12 = m*d. Is g a multiple of 6?
True
Let p = 50 + -47. Let c(n) = n**3 + 5*n**2 - 6. Let q be c(p). Let r = 78 - q. Does 8 divide r?
False
Let d(v) = 137*v**3 + 6*v**2 - 13*v - 2. Is 69 a factor of d(4)?
False
Let q(k) = -k**3 + 8*k**2 + 12*k + 2. Let g(v) = -v**2 - 8*v + 9. Let w be 165/(-22) + (-1)/2. Let u be g(w). Is 29 a factor of q(u)?
True
Suppose 2240161 = 172*o - 776375. Is o a multiple of 84?
False
Suppose n = -3*s + 26886, 5*s - 54434 = -3*n - 9632. Is 83 a factor of s?
True
Suppose 527*t - 43239 = 520*t. Is t a multiple of 15?
False
Let f(s) = 31*s + 4. Suppose 6 = 4*l + 2*n, 2 + 7 = 5*l + n. Let q be l + (1 + 2 - 3). Does 33 divide f(q)?
True
Suppose -21104 = -4*v - 2*z, -61*z + 64*z + 6 = 0. Is 45 a factor of v?
False
Suppose 52722 = 4*w + 3*t, -4*w - 60*t + 63*t + 52686 = 0. Is w a multiple of 14?
False
Suppose 11 = 8*v - 21. Suppose -5*w + 5*y + 2635 = 0, 576 = 2*w - v*y - 486. Let g = -368 + w. Is 31 a factor of g?
True
Suppose 0 = -5